(b). Let r be (2/(-6))/((-7)/(-21)). What is m(r)?
-8
Let i = -51 - -62. Let m(o) = -4*o - 2*o + i*o - 4*o. Calculate m(-5).
-5
Let h(c) = 9*c + 2 - 9*c - 3*c. Let b = -7 + 22. Let t = b - 18. What is h(t)?
11
Let w(j) = j**2 - 7*j + 5. Suppose m = -5*k + 2*m + 39, 0 = -4*k + m + 32. Determine w(k).
5
Let n(z) = -3*z - 13. Let m(i) = -16*i - 75. Let r(v) = -6*m(v) + 34*n(v). Give r(-4).
32
Let x(b) = 2*b**2 + 3*b + 5. Let m = 436 - 440. Determine x(m).
25
Let g(j) be the first derivative of 7*j**2/2 + 7*j - 15. Let w be g(-2). Let b(s) = s**2 + 5*s - 9. Give b(w).
5
Suppose -1 = 5*z + 29. Let m be (1 - -2) + (-7 - z). Let k(s) = 4*s - 3*s - 6*s**2 + 4*s**2. Calculate k(m).
-6
Let t(m) be the third derivative of -1/60*m**5 + 0*m + 1/3*m**4 + 0 - 1/6*m**3 + 19*m**2. Give t(6).
11
Let v(m) = -290*m**3 + m - 4*m - 10*m**2 + 289*m**3. Determine v(-10).
30
Let m(y) = -4*y - 38. Let d be m(-10). Let b(p) = -p**2 - p + 2. Determine b(d).
-4
Let c(q) = 3*q**2 + 2*q - 1. Suppose 2*n = -7*n + 36. Suppose n = -4*s + 8*s. Calculate c(s).
4
Let a(h) be the third derivative of h**5/60 + h**4/12 + h**3/6 + 4*h**2 - 2. What is a(-1)?
0
Let t(y) be the third derivative of 0 + 1/40*y**5 + 0*y**3 + 9*y**2 + 1/720*y**6 + 1/8*y**4 + 0*y. Let g(o) be the second derivative of t(o). Determine g(0).
3
Let a(c) = -6*c + 38. Let z be a(6). Let j(r) = 0*r**z + 2*r**2 + 79*r - 85*r - 3*r**2 - 5. Suppose 4*v + 23 = -d, -3*d - 3 = v - 0. Give j(v).
-5
Suppose 4*d = -10 + 2. Let i(s) = s**3 + 4*s - 4*s**2 + 3*s**2 + 4 - 2 + 3*s**2. Determine i(d).
-6
Let j be -10*(-2 + 5 - (-152)/(-40)). Let p(k) = k**2 - 8*k + 9. Determine p(j).
9
Let h(g) be the first derivative of -g**4/4 - 4*g**3/3 + 7*g**2/2 + 5*g - 1. Suppose 3*l = 4*v + 1 + 22, 0 = v + 5*l. What is h(v)?
-5
Let z = 2 + 0. Let l = z - 3. Let v(a) = 0 + 3 - 2 - 3*a**2. Calculate v(l).
-2
Let o(g) = -29 + 31 - 57*g - g**3 - 60*g + 122*g. Let y = 5 + -8. Give o(y).
14
Let t(h) = -h**3 - h**2 - 7*h - 3 - 4*h**2 - 3. Let g(f) = 47*f - 51. Let x be g(1). Calculate t(x).
6
Let h(r) be the second derivative of -6*r - 1/6*r**4 + 0 + 1/2*r**2 + 0*r**3. Suppose 17 = -3*k - 3*l + 5, 5*k + 3*l + 10 = 0. Determine h(k).
-1
Let i(u) = u**3 + 5*u**2 + u - 1. Let w be i(-4). Suppose -l - 38 + w = 5*b, 2*l + b + 18 = 0. Let j(c) = c**3 + 8*c**2 + 6*c - 4. Give j(l).
3
Suppose 0 = -4*f + 33 - 13. Suppose 0 = -3*a - 4*i - 11 - 9, -f*i = -4*a + 25. Suppose a = p - 4*d + 23 - 0, -p - 8 = -d. Let j(u) = -u**2 - u. What is j(p)?
-6
Let c(q) = -5*q**2 - 39*q + 12. Let t be c(-8). Let o(n) be the third derivative of 5*n**2 + 0 + 0*n + 1/6*n**t - 1/6*n**3 + 1/60*n**5. Give o(-6).
11
Let c(f) = -f**3 + 3*f + 1. Let m be c(-2). Let p be 4 + ((-6)/m - -3). Let h(o) = -4*o + 6. Let b(k) = -9*k + 13. Let t(u) = -3*b(u) + 7*h(u). Determine t(p).
-2
Suppose u - 2 = -u. Let i = 20 + -18. Suppose 3 - u = i*f. Let w(m) = 7*m - 1. Give w(f).
6
Let l(a) = a. Let k(j) = -j**3 + 6*j**2 + 8*j - 9. Let u(p) = k(p) - 6*l(p). Calculate u(6).
3
Let l(r) be the first derivative of -r**4/4 - 4*r**3/3 + r**2 - 4*r - 91. Determine l(-5).
11
Let m be (17 - 19)*5/((-5)/(-2)). Let r(w) = 3*w**2 + 3*w**2 + 3 - 5*w**2. What is r(m)?
19
Let i(f) = 6*f + f**3 + 28*f - 33*f + f**2 + 6. What is i(-4)?
-46
Let r(o) = -o + 6. Let z(w) = -w + 3. Let q(s) = -r(s) + 2*z(s). Suppose 5*x - 2*i = 2 + 2, 4*x - 10 = 5*i. Calculate q(x).
0
Let w(z) = -z + 1. Let q(s) = -6*s + 6. Let j(h) = q(h) - 4*w(h). Give j(-4).
10
Let b(w) = 24*w + 78 - 16*w - 2*w. Give b(-12).
6
Let s(v) = -6*v + 9. Let h(g) be the first derivative of 3*g**2/2 - 4*g + 24. Let i(n) = -9*h(n) - 4*s(n). Give i(-2).
6
Let r be (-432)/(-60) - 6/5. Let p(o) = 2*o**2 - 9*o. Calculate p(r).
18
Let a = -176 + 176. Let t(o) be the third derivative of 1/6*o**4 + 0 + 8*o**2 + 2/3*o**3 + a*o - 1/60*o**5. Give t(4).
4
Let h(l) = 3*l + 6. Let r(v) = -3*v**2 - v. Let o = 8 + -3. Suppose -10 = -4*w - 3*p, -3*w + p + o = 2*p. Let t be r(w). Calculate h(t).
-6
Suppose 52*f - 73 = -437. Let a be (3 - -2) + 1*-2. Let q(j) = -4*j**a + 8 + 3*j**3 - 1 + 7*j - 6*j**2. What is q(f)?
7
Let p(q) = -18*q**3 - 2*q**2 + 1. Let b be -30 + -1 + (-1 - 2). Let o = -35 - b. What is p(o)?
17
Let y(z) = z**2 + 11*z - 8. Let r = -292 - -280. What is y(r)?
4
Let x(s) be the third derivative of -s**4/24 - 2*s**3 - 2554*s**2. Suppose 2*l - l + 9 = 0. Determine x(l).
-3
Let k(d) be the second derivative of 17*d**5/20 + d**4/12 - d**3/3 + d**2/2 - 8*d. Suppose 8*c + 4 = 12*c. Calculate k(c).
17
Let f(n) = 5*n + 3*n - 9*n - 8. Let r(j) = -j - 7. Let c(k) = -4*f(k) + 3*r(k). Let g(u) = -u**3 + 7*u**2 + 28*u + 13. Let i be g(10). Calculate c(i).
4
Let s(q) = q + 4. Suppose -8 = -4*b, k + 7 = 5*b + 6. Calculate s(k).
13
Let h(t) be the third derivative of 1/24*t**4 + 30*t**2 + 0*t + 1/3*t**3 + 0. Give h(3).
5
Let t(q) be the third derivative of -q**4/24 - q**3/6 + 2*q**2. Let a(n) = -n**2 + 2*n + 3. Let s(h) = -a(h) - t(h). What is s(0)?
-2
Let h(w) = w. Let i(k) = -k + 4. Let g(u) = -2*h(u) - i(u). Let n be g(-5). Let p(t) = -12*t**2 + 2*t - t**2 + 12*t**2 + 0*t**2. Determine p(n).
1
Let l = 103 + -16. Let z = 91 - l. Let n(t) = -t**3 + 3*t**2 + t - 3. Calculate n(z).
-15
Let p = -73 - -81. Suppose p = -131*n + 132*n. Let w(g) = -g**2 + 7*g + 3. What is w(n)?
-5
Let o = -3 + 5. Let k(q) = -q**3 - 10*q**2 - 9*q + 1. Let x be k(-9). Let v = o + x. Let a(g) = 2*g - 3. What is a(v)?
3
Let g(o) be the second derivative of -5*o**4/12 - o**2/2 + 126*o. Calculate g(-1).
-6
Let f(o) = -7*o - 5. Let c = -4 + -1. Let a(v) = 2*v - 2. Let q be a(0). Let b(s) = 3*s + 2. Let d(t) = c*b(t) + q*f(t). Determine d(6).
-6
Suppose 1 + 5 = g. Let n(o) = 15*o**2 + 3*o. Let f(h) = 5*h**2 + h. Let i(l) = g*n(l) - 17*f(l). Calculate i(-1).
4
Suppose 0*y = -k + y - 3, 5*y = -5*k - 55. Let j = 11 + k. Suppose -4*i = -5*p + 21, 2*i + 2 + 2 = -j*p. Let g(m) = -m**2 - m + 1. Calculate g(p).
-1
Let r(f) = -45*f**2 + 52*f - 7. Let a(s) = 28*s**2 - 35*s + 5. Let y(w) = -8*a(w) - 5*r(w). Calculate y(-20).
-5
Let c be (36/(-30))/((-3)/(-5)). Let a(b) = 2*b**3 + 2*b**2 + b. Calculate a(c).
-10
Let z(d) be the second derivative of -d**3/3 + 3*d**2/2 - 127*d. Give z(-14).
31
Let v(g) be the second derivative of -7*g**4/4 - g**3/3 - 227*g. Give v(-1).
-19
Let c(r) = 11*r - 1. Let k(o) = -32*o - 3. Let h(q) = 3*c(q) + k(q). Determine h(-3).
-9
Let y(c) = 13*c**3 - 3*c**2 + 5*c - 7. Let w(d) = -7*d**3 + d**2 - 2*d + 3. Let z(o) = -5*w(o) - 2*y(o). Suppose l = 2*l - 1. Calculate z(l).
9
Let h(n) = -n**3 + 4*n**2 + 6*n - 3. Let f = 0 + 11. Let v = 8 - f. Let r be 3/v - -3*2. Determine h(r).
2
Let v(l) = 20*l + 163. Let z be v(-8). Let f(w) = 2*w**3 - w - 2. Give f(z).
49
Suppose 0 = -9*p - 21 + 3. Let y be (1 - p/(-2)) + -2. Let n(k) = k + 1. Give n(y).
-1
Let o(h) = -h**3 + 12*h**2 - h + 13. Let t = 374 - 362. Determine o(t).
1
Suppose 8*h - 12 = 2*h. Let o(i) = -3 + i - 2*i + 3*i + i**h - 3*i. Give o(4).
9
Let h(d) = -d**2 - 8*d - 6. Let u be h(-6). Let l(g) = -52 - 2*g + 50 + 3*g. Determine l(u).
4
Let d(a) = -3*a**2 + 6*a - 3. Let b be (-2)/5*900/(-120). Calculate d(b).
-12
Let b(t) = 75*t + 1422. Let w be b(-19). Let x(j) = -4*j**2 - j. Calculate x(w).
-33
Let k(m) = 6*m + 51. Let f be k(-8). Let y(r) = 2 + 2 - 1 + f - r. What is y(0)?
6
Let r(j) = 16*j**3 + 21*j**2 - 5*j - 4. Let y(k) = 7*k**3 + 10*k**2 - 2*k - 2. Let t(l) = -3*r(l) + 7*y(l). Determine t(-7).
-9
Let u(i) = 16*i + 53. Let t be u(-3). Let q(a) = 4*a + 4. Determine q(t).
24
Let y(u) = 2*u. Let p(a) = a**3 + 1. Let j be p(-1). Suppose -6*g - 2 - 4 = j. What is y(g)?
-2
Suppose -5*g + 91 = -9. Let s(c) = -3 - g*c + 2*c + 12*c + c**2. Give s(6).
-3
Let a(f) be the second derivative of f**4/2 - f**3/3 - f**2 - 38*f. Determine a(2).
18
Let d(b) be the second derivative of -b**4/12 - b**2/2 - 13*b. Calculate d(-1).
-2
Let l(o) = o**3 - 4*o**2 - 3*o + 2. Suppose -126*r = -122*r - 8. Suppose -4*b - r*d = -14, b + 0*d - 2 = -2*d. Calculate l(b).
-10
Let m(b) = -6*b + 0*b - 8*b + 10 + 17. Let a(u) = -5*u + 9. Let z = 4 - 10. Let d(c) = z*m(c) + 17*a(c). Give d(0).
-9
Let q(u) be the first derivative of u**5/60 + u**4/8 - u**3/3 - 8*u**2 - 22. Let j(f) be the second derivative of q(f). Determine j(2).
8
Suppose -5*u + 56 = 5*h - u, -44 = -3*